11
What is 11b (base 13) in base 9?
234
-26406 (base 8) to base 10
-11526
What is b84 (base 15) in base 3?
10120021
100510 (base 6) to base 12
4736
Convert -176 (base 9) to base 6.
-410
Convert -3345 (base 7) to base 12.
-849
Convert 1230 (base 8) to base 13.
3c1
What is 31123 (base 4) in base 9?
1154
Convert -9b95 (base 13) to base 6.
-244414
-2c (base 15) to base 2
-101010
What is 11111001100000 (base 2) in base 9?
23812
Convert 4a2 (base 12) to base 10.
698
What is -21466 (base 7) in base 8?
-12415
Convert 1aa (base 14) to base 16.
15a
What is 2033032 (base 4) in base 6?
110234
What is b57 (base 13) in base 3?
2122112
20230 (base 4) to base 14
2ba
-44334 (base 5) to base 9
-4217
What is 1413 (base 7) in base 6?
2313
What is -112222120 (base 3) in base 16?
-2aab
Convert -4154 (base 7) to base 3.
-2000002
23120 (base 4) to base 12
508
6421 (base 9) to base 2
1001001101101
What is -42564 (base 7) in base 10?
-10581
Convert 1153 (base 8) to base 5.
4434
135355 (base 8) to base 2
1011101011101101
12112 (base 3) to base 14
a9
Convert 104141 (base 5) to base 13.
1895
What is 3b02 (base 12) in base 5?
204040
22011 (base 4) to base 13
3a8
477 (base 14) to base 8
1571
What is 3253 (base 7) in base 11?
96a
Convert 20bc (base 14) to base 12.
3332
-50275 (base 9) to base 2
-1000000100001011
What is -172 (base 10) in base 7?
-334
Convert -287 (base 11) to base 2.
-101010001
What is -160511 (base 7) in base 6?
-401402
What is 23 (base 13) in base 11?
27
What is 5a9c (base 14) in base 10?
15818
Convert -476 (base 15) to base 8.
-1763
Convert 1635 (base 14) to base 16.
f7f
What is 6b4 (base 15) in base 3?
2002021
What is -13144 (base 9) in base 15?
-2964
-137211 (base 8) to base 15
-e6bc
Convert 101011010001 (base 2) to base 13.
1350
-1326 (base 9) to base 5
-12441
Convert -a58a (base 12) to base 4.
-10122322
Convert 4367 (base 12) to base 4.
1303333
Convert -36 (base 11) to base 2.
-100111
678 (base 13) to base 16
459
-100010000101011 (base 2) to base 9
-25840
-221021011 (base 3) to base 10
-18418
-19258 (base 11) to base 3
-1100221020
What is 1112 (base 7) in base 14?
209
Convert 42551 (base 6) to base 5.
141302
Convert -dbd (base 14) to base 12.
-16a3
What is -4337 (base 14) in base 9?
-16833
Convert 108225 (base 9) to base 10.
65066
Convert 10100001011 (base 2) to base 11.
a74
What is 10100001 (base 2) in base 7?
320
What is 401 (base 5) in base 14?
73
What is d3 (base 15) in base 16?
c6
-1427 (base 8) to base 13
-48b
-174a (base 12) to base 16
-aea
Convert -24150 (base 9) to base 6.
-202500
Convert 111110111000 (base 2) to base 14.
1676
What is 2a8d (base 15) in base 11?
6953
Convert -30330 (base 4) to base 8.
-1474
What is -2156 (base 16) in base 9?
-12632
-30060 (base 8) to base 4
-3000300
Convert -146b (base 16) to base 9.
-7147
What is 589 (base 16) in base 11?
1079
Convert 537 (base 8) to base 6.
1343
-81b3 (base 12) to base 8
-33427
1103044 (base 5) to base 15
5a19
211330 (base 4) to base 7
10036
243130 (base 5) to base 13
4230
What is -14646 (base 7) in base 2?
-1000000000101
-15129 (base 13) to base 8
-115506
Convert 1110110100 (base 2) to base 10.
948
Convert 2358 (base 11) to base 2.
110000010000
Convert -9e3 (base 16) to base 2.
-100111100011
-1101100010010 (base 2) to base 12
-4016
What is -1110000 (base 2) in base 5?
-422
Convert 27a1 (base 11) to base 9.
4862
1332 (base 7) to base 5
4023
Convert 1112 (base 3) to base 12.
35
What is -46206 (base 7) in base 15?
-3746
What is 1887 (base 15) in base 11?
3a90
Convert -7882 (base 9) to base 5.
-141300
2806 (base 12) to base 5
121424
What is 151500 (base 7) in base 3?
1111022220
What is -b70 (base 16) in base 3?
-11000110
What is 2d (base 14) in base 2?
101001
-26143 (base 7) to base 3
-100112001
-30b73 (base 12) to base 3
-10020121220
11000 (base 6) to base 11
1155
Convert -3118 (base 11) to base 10.
-4133
Convert 3aa (base 15) to base 2.
1101000011
What is 73240 (base 8) in base 7?
154352
Convert 1ad (base 14) to base 15.
184
What is 1915 (base 11) in base 14?
c60
What is -1211332 (base 4) in base 11?
-49a3
-1a7b (base 16) to base 15
-201e
-41364 (base 8) to base 9
-25454
1110110110 (base 2) to base 15
435
Convert -312120 (base 5) to base 7.
-41662
e7aa (base 15) to base 7
262546
What is -5cbd (base 16) in base 10?
-23741
Convert 4950 (base 11) to base 6.
45540
-407 (base 8) to base 12
-19b
What is -12873 (base 15) in base 10?
-59283
111463 (base 7) to base 3
1000011001
What is -667 (base 9) in base 6?
-2311
28804 (base 10) to base 11
1a706
Convert 11031223 (base 4) to base 8.
51553
Convert -3796 (base 10) to base 14.
-1552
Convert -354 (base 11) to base 13.
-266
Convert -3844 (base 10) to base 9.
-5241
What is -5 (base 14) in base 4?
-11
Convert -12020013 (base 4) to base 2.
-110001000000111
What is 9385 (base 15) in base 6?
400155
Convert -26743 (base 8) to base 2.
-10110111100011
What is -303100 (base 4) in base 16?
-cd0
What is 10140 (base 5) in base 15?
2ea
-137 (base 12) to base 9
-227
134 (base 15) to base 8
422
What is 2536 (base 7) in base 13?
589
10000101101 (base 2) to base 3
1110121
Convert -1550 (base 8) to base 4.
-31220
-1a734 (base 12) to base 5
-2222224
Convert -6ba9 (base 14) to base 9.
-27664
What is -10201200 (base 4) in base 14?
-6a76
Convert -3031101 (base 4) to base 8.
-31521
-12a9 (base 12) to base 8
-4141
110510 (base 7) to base 8
46004
-1001111010 (base 2) to base 14
-334
-5a (base 16) to base 2
-1011010
What is -462 (base 9) in base 10?
-380
Convert -74 (base 14) to base 8.
-146
Convert 12302232 (base 4) to base 14.
a1d4
Convert 2434 (base 10) to base 6.
15134
53135 (base 6) to base 5
212222
What is 3887 (base 10) in base 5?
111022
20 (base 13) to base 3
222
-981 (base 14) to base 9
-2515
27b (base 12) to base 15
1a8
What is 7b (base 16) in base 6?
323
Convert 28a9 (base 11) to base 4.
322211
42010 (base 7) to base 3
112010101
What is 32023 (base 4) in base 15?
407
Convert 1523 (base 15) to base 3.
20012220
1003023 (base 4) to base 16
10cb
Convert 12a (base 14) to base 6.
1030
Convert -1101000101010 (base 2) to base 9.
-10162
4214 (base 5) to base 9
681
Convert 1011001100010001 (base 2) to base 7.
250435
Convert -16c1 (base 15) to base 12.
-2a0a
-100110121 (base 3) to base 12
-3bb1
Convert -324 (base 15) to base 8.
-1305
What is 7781 (base 14) in base 8?
50325
What is -7542 (base 11) in base 3?
-111200012
264106 (base 8) to base 5
10422410
-111660 (base 9) to base 12
-32853
Convert 32372 (base 8) to base 4.
3103322
3100 (base 8) to base 10
1600
-12 (base 9) to base 13
-b
What is 4376 (base 8) in base 2?
100011111110
Convert 21560 (base 10) to base 8.
52070
Convert -1757 (base 11) to base 6.
-14212
100111000 (base 2) to base 13
1b0
What is -2757 (base 10) in base 9?
-3703
Convert -220 (base 10) to base 14.
-11a
-9aa (base 13) to base 10
-1661
-250 (base 12) to base 8
-534
Convert 25938 (base 11) to base 6.
443335
12204 (base 6) to base 13
a8a
What is -12002210 (base 3) in base 14?
-14da
19a15 (base 11) to base 9
42170
What is 22443 (base 5) in base 8?
3127
-254a (base 15) to base 3
-101220021
Convert 1641 (base 11) to base 3.
2212212
1493 (base 16) to base 12
306b
-14a8 (base 13) to base 3
-11010112
What is 40561 (base 7) in base 4?
2122210
-46d (base 15) to base 8
-1753
What is 31b (base 13) in base 8?
1023
65 (base 9) to base 2
111011
Convert -103440 (base 5) to base 11.
-27a1
What is 2108 (base 12) in base 16?
e18
What is 216 (base 8) in base 12?
ba
What is -62a8 (base 11) in base 3?
-102110010
-837 (base 10) to base 16
-345
What is -100110011101 (base 2) in base 5?
-34321
22214 (base 6) to base 7
12025
Convert -10438 (base 9) to base 12.
-4008
Convert 1111344 (base 5) to base 4.
10302033
-31537 (base 10) to base 8
-75461
What is -6328 (base 11) in base 4?
-2002323
213355 (base 7) to base 6
444211
What is 10030 (base 4) in base 2?
100001100
What is -1864 (base 9) in base 8?
-2633
Convert -2c (base 14) to base 5.
-130
Convert 12232223 (base 4) to base 6.
331335
-3220 (base 5) to base 10
-435
Convert -2206 (base 9) to base 7.
-4512
101201201 (base 3) to base 2
1111010001110
1101000000000 (base 2) to base 15
1e8b
Convert da (base 15) to base 12.
151
-47f5 (base 16) to base 12
-a7b1
Convert 2576 (base 9) to base 13.
b58
Convert -13100202 (base 4) to base 9.
-44703